 of 60 and 732.
12
Calculate the highest common divisor of 5 and 635.
5
What is the greatest common divisor of 274 and 4?
2
Calculate the highest common factor of 242 and 4136.
22
What is the greatest common factor of 918 and 66?
6
What is the highest common factor of 9 and 1557?
9
What is the greatest common divisor of 86 and 16598?
86
Calculate the highest common divisor of 8242 and 26.
26
What is the greatest common divisor of 280 and 800?
40
Calculate the greatest common divisor of 93 and 5952.
93
Calculate the greatest common divisor of 82 and 25748.
82
What is the greatest common factor of 28 and 1876?
28
Calculate the greatest common factor of 228 and 128.
4
What is the highest common factor of 10 and 26?
2
What is the highest common factor of 3765 and 90?
15
What is the highest common divisor of 125 and 3525?
25
What is the greatest common factor of 1419 and 387?
129
Calculate the highest common divisor of 25193 and 1239.
413
Calculate the greatest common divisor of 4107 and 111.
111
Calculate the highest common divisor of 25 and 400.
25
What is the highest common divisor of 8 and 54?
2
Calculate the highest common divisor of 12 and 26.
2
What is the highest common factor of 154 and 44?
22
Calculate the greatest common divisor of 350 and 9275.
175
Calculate the highest common factor of 12504 and 48.
24
What is the greatest common factor of 208 and 184?
8
Calculate the greatest common divisor of 1974 and 42.
42
Calculate the highest common divisor of 14564 and 44.
44
What is the highest common divisor of 76 and 2071?
19
Calculate the greatest common divisor of 108 and 28.
4
What is the greatest common divisor of 95 and 1045?
95
Calculate the highest common divisor of 52 and 546.
26
What is the greatest common divisor of 969 and 153?
51
What is the highest common factor of 2944 and 92?
92
Calculate the highest common factor of 2009 and 41.
41
Calculate the greatest common factor of 170 and 8330.
170
Calculate the greatest common divisor of 43707 and 17.
17
Calculate the highest common divisor of 450 and 288.
18
What is the highest common divisor of 2 and 1964?
2
Calculate the greatest common divisor of 147 and 3.
3
Calculate the greatest common divisor of 1092 and 252.
84
Calculate the greatest common divisor of 12830 and 10.
10
Calculate the greatest common factor of 335 and 150415.
335
Calculate the greatest common factor of 3182 and 172.
86
What is the highest common factor of 72 and 657?
9
Calculate the greatest common divisor of 1548 and 252.
36
Calculate the greatest common factor of 621 and 736.
23
Calculate the greatest common factor of 260 and 440.
20
Calculate the highest common divisor of 51 and 493.
17
Calculate the highest common divisor of 3 and 16332.
3
Calculate the highest common divisor of 23111 and 242.
121
What is the highest common divisor of 217 and 7?
7
What is the highest common factor of 172 and 16?
4
What is the highest common factor of 5040 and 576?
144
What is the greatest common factor of 10 and 530?
10
Calculate the greatest common divisor of 705 and 3995.
235
What is the greatest common factor of 1035 and 225?
45
What is the highest common divisor of 2639 and 91?
91
Calculate the greatest common divisor of 1144 and 16.
8
Calculate the highest common divisor of 19614 and 105.
21
Calculate the greatest common factor of 819 and 182.
91
Calculate the greatest common divisor of 2 and 4.
2
What is the greatest common divisor of 64 and 480?
32
Calculate the greatest common factor of 134 and 19564.
134
Calculate the greatest common divisor of 24 and 128.
8
What is the greatest common divisor of 270 and 10?
10
Calculate the greatest common divisor of 10800 and 1125.
225
Calculate the highest common factor of 4 and 392.
4
What is the greatest common factor of 42 and 1582?
14
Calculate the highest common factor of 85 and 20.
5
Calculate the greatest common divisor of 47 and 1363.
47
What is the highest common divisor of 150 and 14550?
150
What is the highest common divisor of 7 and 37415?
7
Calculate the highest common factor of 21 and 63.
21
Calculate the highest common divisor of 24 and 15.
3
Calculate the highest common factor of 51 and 527.
17
Calculate the highest common divisor of 1624 and 32.
8
Calculate the highest common factor of 3740 and 14620.
340
What is the greatest common factor of 270 and 20?
10
Calculate the greatest common factor of 414 and 18.
18
Calculate the highest common factor of 36 and 24.
12
What is the highest common divisor of 8 and 64?
8
What is the highest common factor of 280 and 434?
14
Calculate the highest common divisor of 351 and 3627.
117
Calculate the highest common divisor of 19788 and 204.
204
Calculate the highest common factor of 424 and 2.
2
Calculate the highest common divisor of 18 and 2106.
18
Calculate the greatest common divisor of 122 and 4.
2
What is the highest common factor of 20 and 95?
5
What is the highest common divisor of 7 and 1323?
7
What is the highest common factor of 12 and 246?
6
Calculate the highest common factor of 204 and 153.
51
Calculate the highest common divisor of 916 and 4.
4
What is the greatest common factor of 303 and 7777?
101
What is the greatest common divisor of 299 and 39?
13
What is the greatest common factor of 102 and 72?
6
Calculate the greatest common factor of 546 and 6.
6
What is the highest common factor of 26 and 4342?
26
What is the highest common factor of 60 and 36?
12
What is the greatest common divisor of 80 and 35?
5
What is the greatest common factor of 335 and 67?
67
Calculate the greatest common factor of 121 and 473.
11
What is the greatest common factor of 203 and 116?
29
Calculate the highest common factor of 9 and 2367.
9
Calculate the highest common factor of 448 and 1232.
112
Calculate the greatest common divisor of 56 and 126.
14
Calculate the greatest common factor of 2 and 30.
2
Calculate the highest common factor of 284 and 142.
142
Calculate the highest common factor of 10 and 155.
5
What is the greatest common factor of 15 and 245?
5
Calculate the highest common divisor of 24 and 16.
8
Calculate the highest common divisor of 4394 and 2.
2
Calculate the greatest common divisor of 36 and 17532.
36
Calculate the highest common factor of 10 and 50.
10
What is the highest common divisor of 287 and 164?
41
What is the highest common factor of 14 and 1134?
14
Calculate the greatest common divisor of 20989 and 139.
139
What is the highest common divisor of 134 and 938?
134
What is the greatest common factor of 270 and 50?
10
Calculate the highest common divisor of 3857 and 1421.
203
Calculate the highest common factor of 28 and 119.
7
Calculate the highest common divisor of 200 and 64.
8
What is the highest common factor of 162 and 333?
9
Calculate the greatest common factor of 470 and 10.
10
What is the highest common divisor of 500 and 1130?
10
Calculate the greatest common factor of 384 and 2136.
24
What is the highest common divisor of 63 and 99?
9
Calculate the highest common divisor of 1422 and 54.
18
What is the greatest common factor of 1950 and 26?
26
What is the greatest common divisor of 304 and 11476?
76
Calculate the greatest common divisor of 186 and 775.
31
Calculate the highest common factor of 399 and 21.
21
Calculate the greatest common divisor of 1372 and 2184.
28
What is the greatest common factor of 3302 and 104?
26
What is the highest common factor of 23 and 2?
1
What is the greatest common factor of 15 and 285?
15
What is the greatest common factor of 15 and 2460?
15
What is the greatest common divisor of 70 and 600?
10
What is the highest common divisor of 109 and 24743?
109
Calculate the highest common divisor of 10026 and 18.
18
What is the highest common factor of 6 and 39?
3
Calculate the greatest common factor of 117 and 13.
13
Calculate the highest common factor of 64 and 128.
64
Calculate the greatest common divisor of 3374 and 14.
14
What is the greatest common factor of 68 and 119?
17
What is the highest common divisor of 1781 and 39?
13
Calculate the highest common factor of 275 and 1320.
55
Calculate the greatest common factor of 26 and 1274.
26
What is the highest common divisor of 385 and 2035?
55
What is the highest common divisor of 8 and 40?
8
What is the greatest common d